 when g is divided by 7?
2
Suppose 0 = s - 9 + 2. Let q = s + -3. Suppose -9 = q*d - 29. What is the remainder when 18 is divided by d?
3
Let j = -49 + 77. What is the remainder when j is divided by (-102)/(-6) + -1 + -1?
13
Let h(w) = -4*w + 1. Let j be h(1). Let f = -1 - j. Let y(m) = m**2 + 7*m + 8. Calculate the remainder when f is divided by y(-6).
0
Suppose -4*j + 48 + 166 = 2*m, m - 4*j - 125 = 0. Let k = m + -68. Calculate the remainder when k is divided by 12.
9
Let f(k) = -3*k - k - 5 + 12 + k**2 - k. Let m be (3/(-6))/(1/(-10)). What is the remainder when 19 is divided by f(m)?
5
Let q(w) = w**2 + 15*w + 18. What is the remainder when 30 is divided by q(-15)?
12
Suppose -c + 88 = c. What is the remainder when c is divided by (-1035)/(-18)*6/15?
21
Suppose 2*t - 3*q = 16, 2*t - 5*q = t + 22. Suppose 3*u - v - 9 = t, -2*u + 3 = -5*v. What is the remainder when 5 is divided by u?
1
Suppose 4*t + 3*k + 3 = 0, 5*t - 2*t + k - 4 = 0. What is the remainder when 3 is divided by t?
0
Let v(i) = -i + 3. Let a = -7 - 8. Let f = -8 - a. Calculate the remainder when f is divided by v(0).
1
Suppose b + 4*s - 22 = -6, 4 = -4*s. Suppose 3*a - 76 = a. Calculate the remainder when a is divided by b.
18
Let f(y) = -10*y - 16. What is the remainder when 54 is divided by f(-3)?
12
Suppose 6*r - 9*r = 12. Let g(q) = -2*q**2 + 4. Let k be g(3). Let m = r - k. Calculate the remainder when 29 is divided by m.
9
Let z(f) = f**2 + 7*f + 5. Let y be (-56)/10 + 4/(-10). Let c be z(y). What is the remainder when 3/(4/(-6) - c) is divided by 5?
4
Let m = -11 - -28. Calculate the remainder when 118 is divided by m.
16
Let q be (14/(-3))/((-6)/9). Suppose w = -j + 14, -4*w - 5*j + q = -53. Suppose 0 = -4*o + 101 + 15. Calculate the remainder when o is divided by w.
9
Let c(g) = 4*g**2 - 1. Let y be c(-2). Suppose -s = 5 - y. Suppose 162 = -2*t + 8*t. What is the remainder when t is divided by s?
7
Let z be 3 - -1 - (13 + -12). Calculate the remainder when 23 is divided by (-4)/z - (-110)/15.
5
Let b(f) = 1 - 3*f + 0*f**3 - 3*f**3 - 2*f**3. Let g be b(2). What is the remainder when 19 is divided by g/(-6)*4/3?
9
Let d(v) = 4*v + 2*v**3 - 9*v**2 - 4*v**2 - 3 - v**3. Calculate the remainder when d(13) is divided by 13.
10
What is the remainder when (-30)/12*106/(-5) is divided by 14?
11
Suppose 12 = 3*d - 3. Suppose t - 124 = -d*b, -74 = -3*b - 2*t + t. Calculate the remainder when 73 is divided by b.
23
Let i be 2/((-4)/(-6)) + -2. Suppose 4*b + 4 = 4*o, -3*o - 5*b + i = -2. What is the remainder when o is divided by 1?
0
Let q(l) = 6*l**2 - l - 1. Suppose 6*h - 6 = 5*h. What is the remainder when q(2) is divided by h?
3
Suppose i + 15 = 4*s, -i - s + 15 = i. Suppose -10 = 2*m - 2. Let a = m + i. What is the remainder when 1 is divided by a?
0
What is the remainder when (156/96)/(1/(-6))*-4 is divided by 8?
7
Let x(i) = -10*i**3 + 2*i**2 + 5*i + 4. What is the remainder when x(-2) is divided by 29?
24
Let b = 4 + 3. What is the remainder when (65/10)/(2/4) is divided by b?
6
Let n be (-29)/(-1) - (-4 - -7). Suppose 0 = -3*m + n + 7. Calculate the remainder when m is divided by 4.
3
Let m(r) = 8*r + 3. Let b be 34/10 + (-2)/5. Suppose b*u - 15 = 2*u. What is the remainder when m(5) is divided by u?
13
Let q(o) = -o**3 - 2*o**2 - 4*o - 2. Calculate the remainder when 15 is divided by q(-2).
3
Suppose w - 230 = -5*t, 0 = 7*t - 2*t - 4*w - 230. Suppose t = -4*j + 2. Let b = 15 + j. What is the remainder when 6 is divided by b?
2
Let s(n) = -n + 17. Let q(j) = -9. Let m(f) = -5*q(f) - 3*s(f). What is the remainder when 4/6*204/8 is divided by m(4)?
5
Suppose 27*f + 17 = 28*f. What is the remainder when 51 is divided by f?
0
Suppose 0 = -5*x - 3*j + 637, -3*x + 379 = 9*j - 4*j. What is the remainder when x is divided by 10?
8
Let v = 1 + 1. Let b = 20 - 43. Let k = b - -27. Calculate the remainder when k is divided by v.
0
Let u = 0 + 1. Let b = 2 - u. Let z = 7 + b. What is the remainder when 14 is divided by z?
6
Let b(v) = -v - 6. Let g be (1 + 1)/(2/(-6)). Let s be b(g). Let y = s - -10. Calculate the remainder when 29 is divided by y.
9
Let l(h) = h + 1. Let m be l(-1). What is the remainder when (-8)/(m - (-2)/(-16)) is divided by 22?
20
Let g = 60 - 29. Let v = g + -17. Calculate the remainder when 4/v + (-159)/(-7) is divided by 8.
7
Let t = -2 + 5. What is the remainder when 22 is divided by t + 0 + 6 - 1?
6
Let j(y) = 18*y - 2. Calculate the remainder when j(2) is divided by 12.
10
Suppose 5*s - 5*l = 315, -s - 2*l + 179 = 2*s. What is the remainder when s is divided by 32?
29
Suppose 25 = h + 4*h + 5*b, 2*h - 5*b - 31 = 0. What is the remainder when 21 is divided by h?
5
Let g(y) = y**3 - 7*y**2 - y + 9. Let i be g(7). Suppose 2*b + 2*o = 14, i*o = -o + 12. Calculate the remainder when 4 is divided by b.
1
Suppose -8*u + f + 57 = -4*u, 0 = -3*u + f + 43. Let o = -1 - -2. Suppose 0 = -k - o + 6. Calculate the remainder when u is divided by k.
4
Suppose -3*m = -0*m - 6. Suppose 2*k - 112 = -m*k. What is the remainder when k is divided by 10?
8
Let f = 5 - 5. Suppose f*d + 41 = 2*j + 5*d, -26 = -2*j - 2*d. Calculate the remainder when 14 is divided by j.
6
Let p = 80 - 29. Let v = p + -33. What is the remainder when v is divided by 10?
8
What is the remainder when (8/10)/(18/405) is divided by 5?
3
Suppose 8 = 2*c, -3*h + 0*h = 4*c - 25. Suppose -h*j = -27 + 3. Suppose -t - 2 + j = 0. Calculate the remainder when 16 is divided by t.
4
Suppose -6*i + 28 = -5*i. Calculate the remainder when 109 is divided by i.
25
Suppose t + 3*j - 4 = 0, -3*j + 5 = 5*t - 39. What is the remainder when 76 is divided by t?
6
Let x(r) = -r**3 + 6*r**2 + 3*r - 3. Let c be x(6). Suppose -5*w + 16 + 9 = 5*z, 5*w - c = 0. Calculate the remainder when 2 is divided by z.
0
Let x(u) be the first derivative of 3*u**2 + u + 1. What is the remainder when x(5) is divided by 16?
15
Let k(p) = p**2 - 2*p + 3. Let w be k(2). Suppose -3*h + w*q = -12, -5*q + 12 = 3*h - q. Suppose h*j = 2*j + 30. What is the remainder when 29 is divided by j?
14
Let m = 76 - 62. Calculate the remainder when 80 is divided by m.
10
Suppose -84 = -4*w - 32. Let b(f) = f**3 - 14*f**2 + 16*f + 13. Let p be b(w). Suppose -2*z = -0*z - p. Calculate the remainder when z is divided by 14.
12
What is the remainder when 4/(-8)*-4 - -40 is divided by 11?
9
Suppose 4*a - 8*q + 3*q - 99 = 0, -q = 4*a - 105. What is the remainder when a is divided by -4 + 2 - 44/(-4)?
8
Suppose 4*v - 2*p - p - 62 = 0, -2*v = -4*p - 36. What is the remainder when 25 is divided by v?
11
Suppose 0 = 2*v - 4*v + 10. Let i = v - 1. Calculate the remainder when i is divided by 2.
0
Suppose 2*z - 13 = -r + 45, 2*z + 3*r - 62 = 0. Calculate the remainder when z is divided by 8.
4
Suppose 734 = 3*m - 694. What is the remainder when 53 is divided by m/35 + 2/5?
11
Suppose 0 = 3*d - 51 - 12. Calculate the remainder when 4440/54 - (-2)/(-9) is divided by d.
19
Let o(r) = -r**3 - 17*r**2 + 14*r - 59. Let j = -20 - -44. Calculate the remainder when j is divided by o(-18).
11
Let r(x) = 3*x**2 + 15*x + 8. What is the remainder when r(-5) is divided by 6?
2
Let a = 2 + -2. Suppose a = m - 4 - 0. Let v = 18 - 7. What is the remainder when v is divided by m?
3
What is the remainder when (-2)/(-8)*(-3 - -215) is divided by 28?
25
Let x(u) = -u**3 + 2*u**2 + 5*u - 2. Let m(t) = -2*t + 2. Let n be m(-3). Let h = n + -6. Calculate the remainder when x(3) is divided by h.
0
Suppose 0 = l + 4, 3*j - 142 = -2*j + 3*l. Calculate the remainder when 75 is divided by j.
23
Let d(j) = j**2 - 11*j - 48. What is the remainder when 34 is divided by d(15)?
10
Let i(j) = j**2 - 5*j - 3. Let f be i(6). Suppose 0*g = f*g - 24. Calculate the remainder when (-4)/(g/(-50)) + 1 is divided by 9.
8
Let k(x) = -x**3 + 4*x**2 + x + 2. Let h be k(5). Calculate the remainder when (4 + -5)/(1/h) is divided by 10.
8
Suppose -2*r = -0 - 80. Calculate the remainder when r is divided by 16.
8
Suppose 2 = 5*m - 28. Calculate the remainder when 34 is divided by m.
4
Suppose -x + 98 = 6. What is the remainder when x is divided by 19?
16
Let h = 22 + 2. Calculate the remainder when 93 is divided by h.
21
Let z be 19/(-3 - (-7)/2). Let y(c) = -2*c**2 - 2*c + 2. Let d be y(3). Let a = z + d. What is t